{"id":580,"date":"2021-05-18T18:49:47","date_gmt":"2021-05-18T15:49:47","guid":{"rendered":"https:\/\/mayanaconsulting.com\/?page_id=580"},"modified":"2021-07-18T09:03:57","modified_gmt":"2021-07-18T06:03:57","slug":"web-design-et-ergonomie","status":"publish","type":"page","link":"https:\/\/mayanaconsulting.com\/index.php\/web-design-et-ergonomie\/","title":{"rendered":"Web Design et Ergonomie"},"content":{"rendered":"\t\t<div data-elementor-type=\"wp-page\" data-elementor-id=\"580\" class=\"elementor elementor-580\">\n\t\t\t\t\t\t<section class=\"elementor-section elementor-top-section elementor-element elementor-element-76f77c39 elementor-section-height-min-height elementor-section-stretched elementor-section-boxed elementor-section-height-default elementor-section-items-middle\" data-id=\"76f77c39\" data-element_type=\"section\" data-e-type=\"section\" data-settings=\"{&quot;background_background&quot;:&quot;classic&quot;,&quot;stretch_section&quot;:&quot;section-stretched&quot;,&quot;shape_divider_bottom&quot;:&quot;pyramids&quot;}\">\n\t\t\t\t\t\t\t<div class=\"elementor-background-overlay\"><\/div>\n\t\t\t\t\t\t<div class=\"elementor-shape elementor-shape-bottom\" aria-hidden=\"true\" data-negative=\"false\">\n\t\t\t<svg xmlns=\"http:\/\/www.w3.org\/2000\/svg\" viewBox=\"0 0 1000 100\" preserveAspectRatio=\"none\">\n\t<path class=\"elementor-shape-fill\" d=\"M761.9,44.1L643.1,27.2L333.8,98L0,3.8V0l1000,0v3.9\"\/>\n<\/svg>\t\t<\/div>\n\t\t\t\t\t<div class=\"elementor-container elementor-column-gap-default\">\n\t\t\t\t\t<div class=\"elementor-column elementor-col-100 elementor-top-column elementor-element elementor-element-87c969a\" data-id=\"87c969a\" data-element_type=\"column\" data-e-type=\"column\">\n\t\t\t<div class=\"elementor-widget-wrap elementor-element-populated\">\n\t\t\t\t\t\t<div class=\"elementor-element elementor-element-2594e23c animated-fast elementor-invisible elementor-widget elementor-widget-heading\" data-id=\"2594e23c\" data-element_type=\"widget\" data-e-type=\"widget\" data-settings=\"{&quot;_animation&quot;:&quot;fadeInDown&quot;}\" data-widget_type=\"heading.default\">\n\t\t\t\t<div class=\"elementor-widget-container\">\n\t\t\t\t\t<h2 class=\"elementor-heading-title elementor-size-large\">WEB DESIGN<\/h2>\t\t\t\t<\/div>\n\t\t\t\t<\/div>\n\t\t\t\t<div class=\"elementor-element elementor-element-665bf4c1 elementor-widget-divider--view-line elementor-widget elementor-widget-divider\" data-id=\"665bf4c1\" data-element_type=\"widget\" data-e-type=\"widget\" data-widget_type=\"divider.default\">\n\t\t\t\t<div class=\"elementor-widget-container\">\n\t\t\t\t\t\t\t<div class=\"elementor-divider\">\n\t\t\t<span class=\"elementor-divider-separator\">\n\t\t\t\t\t\t<\/span>\n\t\t<\/div>\n\t\t\t\t\t\t<\/div>\n\t\t\t\t<\/div>\n\t\t\t\t<div class=\"elementor-element elementor-element-7976d679 elementor-invisible elementor-widget elementor-widget-heading\" data-id=\"7976d679\" data-element_type=\"widget\" data-e-type=\"widget\" data-settings=\"{&quot;_animation&quot;:&quot;fadeInUp&quot;}\" data-widget_type=\"heading.default\">\n\t\t\t\t<div class=\"elementor-widget-container\">\n\t\t\t\t\t<p class=\"elementor-heading-title elementor-size-medium\">Pour une communaut\u00e9 toujours active<\/p>\t\t\t\t<\/div>\n\t\t\t\t<\/div>\n\t\t\t\t\t<\/div>\n\t\t<\/div>\n\t\t\t\t\t<\/div>\n\t\t<\/section>\n\t\t\t\t<section class=\"elementor-section elementor-top-section elementor-element elementor-element-4941608 elementor-section-boxed elementor-section-height-default elementor-section-height-default\" data-id=\"4941608\" data-element_type=\"section\" data-e-type=\"section\">\n\t\t\t\t\t\t<div class=\"elementor-container elementor-column-gap-default\">\n\t\t\t\t\t<div class=\"elementor-column elementor-col-50 elementor-top-column elementor-element elementor-element-32728288\" data-id=\"32728288\" data-element_type=\"column\" data-e-type=\"column\">\n\t\t\t<div class=\"elementor-widget-wrap elementor-element-populated\">\n\t\t\t\t\t\t<div class=\"elementor-element elementor-element-6c99a914 elementor-invisible elementor-widget elementor-widget-image\" data-id=\"6c99a914\" data-element_type=\"widget\" data-e-type=\"widget\" data-settings=\"{&quot;_animation&quot;:&quot;fadeInLeft&quot;}\" data-widget_type=\"image.default\">\n\t\t\t\t<div class=\"elementor-widget-container\">\n\t\t\t\t\t\t\t\t\t\t\t\t\t\t\t<img fetchpriority=\"high\" decoding=\"async\" width=\"1080\" height=\"1080\" src=\"https:\/\/mayanaconsulting.com\/wp-content\/uploads\/2021\/05\/Web-design-1080x1080-1.jpg\" class=\"attachment-full size-full wp-image-589\" alt=\"\" srcset=\"https:\/\/mayanaconsulting.com\/wp-content\/uploads\/2021\/05\/Web-design-1080x1080-1.jpg 1080w, https:\/\/mayanaconsulting.com\/wp-content\/uploads\/2021\/05\/Web-design-1080x1080-1-300x300.jpg 300w, https:\/\/mayanaconsulting.com\/wp-content\/uploads\/2021\/05\/Web-design-1080x1080-1-1024x1024.jpg 1024w, https:\/\/mayanaconsulting.com\/wp-content\/uploads\/2021\/05\/Web-design-1080x1080-1-150x150.jpg 150w, https:\/\/mayanaconsulting.com\/wp-content\/uploads\/2021\/05\/Web-design-1080x1080-1-768x768.jpg 768w\" sizes=\"(max-width: 1080px) 100vw, 1080px\" \/>\t\t\t\t\t\t\t\t\t\t\t\t\t\t\t<\/div>\n\t\t\t\t<\/div>\n\t\t\t\t\t<\/div>\n\t\t<\/div>\n\t\t\t\t<div class=\"elementor-column elementor-col-50 elementor-top-column elementor-element elementor-element-6d6b6684 elementor-invisible\" data-id=\"6d6b6684\" data-element_type=\"column\" data-e-type=\"column\" data-settings=\"{&quot;animation&quot;:&quot;fadeInRight&quot;}\">\n\t\t\t<div class=\"elementor-widget-wrap elementor-element-populated\">\n\t\t\t\t\t\t<div class=\"elementor-element elementor-element-44dd1bae elementor-widget elementor-widget-heading\" data-id=\"44dd1bae\" data-element_type=\"widget\" data-e-type=\"widget\" data-widget_type=\"heading.default\">\n\t\t\t\t<div class=\"elementor-widget-container\">\n\t\t\t\t\t<h2 class=\"elementor-heading-title elementor-size-default\">On aime quand c'est beau\net quand \u00e7a marche\npour nos clients<\/h2>\t\t\t\t<\/div>\n\t\t\t\t<\/div>\n\t\t\t\t<div class=\"elementor-element elementor-element-696219cc elementor-widget elementor-widget-text-editor\" data-id=\"696219cc\" data-element_type=\"widget\" data-e-type=\"widget\" data-widget_type=\"text-editor.default\">\n\t\t\t\t<div class=\"elementor-widget-container\">\n\t\t\t\t\t\t\t\t\t<p class=\"p2\">Nous concevons vos interfaces Web et mobile pour r\u00e9pondre aux besoins et aux attentes des utilisateurs tout en veillant \u00e0 optimiser l\u2019exp\u00e9rience et la simplicit\u00e9 d\u2019usage.<\/p>\t\t\t\t\t\t\t\t<\/div>\n\t\t\t\t<\/div>\n\t\t\t\t<div class=\"elementor-element elementor-element-bbc93e9 elementor-widget elementor-widget-text-editor\" data-id=\"bbc93e9\" data-element_type=\"widget\" data-e-type=\"widget\" data-widget_type=\"text-editor.default\">\n\t\t\t\t<div class=\"elementor-widget-container\">\n\t\t\t\t\t\t\t\t\t<p class=\"p2\">Pour cela, nous pla\u00e7ons l\u2019utilisateur au centre de chacun de nos projets pour mettre en place des interfaces en fonction de son niveau d\u2019expertise sur Internet, de sa connaissance dans les domaines de nos clients et de ses objectifs quand il se trouve sur le site.<\/p>\t\t\t\t\t\t\t\t<\/div>\n\t\t\t\t<\/div>\n\t\t\t\t\t<\/div>\n\t\t<\/div>\n\t\t\t\t\t<\/div>\n\t\t<\/section>\n\t\t\t\t<section class=\"elementor-section elementor-top-section elementor-element elementor-element-fac84e3 elementor-section-stretched elementor-section-boxed elementor-section-height-default elementor-section-height-default\" data-id=\"fac84e3\" data-element_type=\"section\" data-e-type=\"section\" data-settings=\"{&quot;stretch_section&quot;:&quot;section-stretched&quot;,&quot;background_background&quot;:&quot;classic&quot;}\">\n\t\t\t\t\t\t\t<div class=\"elementor-background-overlay\"><\/div>\n\t\t\t\t\t\t\t<div class=\"elementor-container elementor-column-gap-default\">\n\t\t\t\t\t<div class=\"elementor-column elementor-col-50 elementor-top-column elementor-element elementor-element-118b0710\" data-id=\"118b0710\" data-element_type=\"column\" data-e-type=\"column\">\n\t\t\t<div class=\"elementor-widget-wrap elementor-element-populated\">\n\t\t\t\t\t\t<div class=\"elementor-element elementor-element-6615e383 elementor-invisible elementor-widget elementor-widget-video\" data-id=\"6615e383\" data-element_type=\"widget\" data-e-type=\"widget\" data-settings=\"{&quot;video_type&quot;:&quot;hosted&quot;,&quot;autoplay&quot;:&quot;yes&quot;,&quot;play_on_mobile&quot;:&quot;yes&quot;,&quot;_animation&quot;:&quot;fadeInLeft&quot;,&quot;controls&quot;:&quot;yes&quot;}\" data-widget_type=\"video.default\">\n\t\t\t\t<div class=\"elementor-widget-container\">\n\t\t\t\t\t\t\t<div class=\"e-hosted-video elementor-wrapper elementor-open-inline\">\n\t\t\t\t\t<video class=\"elementor-video\" src=\"https:\/\/mayanaconsulting.com\/wp-content\/uploads\/2021\/05\/Web-Design-et-Ergonomie_3.mp4\" autoplay=\"\" controls=\"\" playsinline=\"\" controlsList=\"nodownload\" poster=\"https:\/\/mayanaconsulting.com\/wp-content\/uploads\/2021\/05\/Web-Design-et-Ergonomie_Cover.png\"><\/video>\n\t\t\t\t<\/div>\n\t\t\t\t\t\t<\/div>\n\t\t\t\t<\/div>\n\t\t\t\t\t<\/div>\n\t\t<\/div>\n\t\t\t\t<div class=\"elementor-column elementor-col-50 elementor-top-column elementor-element elementor-element-4047609d\" data-id=\"4047609d\" data-element_type=\"column\" data-e-type=\"column\">\n\t\t\t<div class=\"elementor-widget-wrap elementor-element-populated\">\n\t\t\t\t\t\t<div class=\"elementor-element elementor-element-30216660 elementor-invisible elementor-widget elementor-widget-text-editor\" data-id=\"30216660\" data-element_type=\"widget\" data-e-type=\"widget\" data-settings=\"{&quot;_animation&quot;:&quot;fadeInDown&quot;}\" data-widget_type=\"text-editor.default\">\n\t\t\t\t<div class=\"elementor-widget-container\">\n\t\t\t\t\t\t\t\t\t<p class=\"p2\">Notre approche ergonomique et fonctionnelle combin\u00e9e \u00e0 notre expertise en conception graphique et webdesign permet notamment \u00e0 nos clients d\u2019optimiser les taux de conversions, la qualit\u00e9 du trafic et la satisfaction des clients.<\/p>\t\t\t\t\t\t\t\t<\/div>\n\t\t\t\t<\/div>\n\t\t\t\t<div class=\"elementor-element elementor-element-5160992c elementor-align-left elementor-mobile-align-center elementor-widget elementor-widget-button\" data-id=\"5160992c\" data-element_type=\"widget\" data-e-type=\"widget\" data-widget_type=\"button.default\">\n\t\t\t\t<div class=\"elementor-widget-container\">\n\t\t\t\t\t\t\t\t\t<div class=\"elementor-button-wrapper\">\n\t\t\t\t\t<a class=\"elementor-button elementor-button-link elementor-size-sm\" href=\"https:\/\/mayanaconsulting.com\/index.php\/contact\/\">\n\t\t\t\t\t\t<span class=\"elementor-button-content-wrapper\">\n\t\t\t\t\t\t\t\t\t<span class=\"elementor-button-text\">Contactez nous<\/span>\n\t\t\t\t\t<\/span>\n\t\t\t\t\t<\/a>\n\t\t\t\t<\/div>\n\t\t\t\t\t\t\t\t<\/div>\n\t\t\t\t<\/div>\n\t\t\t\t<div class=\"elementor-element elementor-element-675cf79a elementor-widget elementor-widget-spacer\" data-id=\"675cf79a\" data-element_type=\"widget\" data-e-type=\"widget\" data-widget_type=\"spacer.default\">\n\t\t\t\t<div class=\"elementor-widget-container\">\n\t\t\t\t\t\t\t<div class=\"elementor-spacer\">\n\t\t\t<div class=\"elementor-spacer-inner\"><\/div>\n\t\t<\/div>\n\t\t\t\t\t\t<\/div>\n\t\t\t\t<\/div>\n\t\t\t\t\t<\/div>\n\t\t<\/div>\n\t\t\t\t\t<\/div>\n\t\t<\/section>\n\t\t\t\t<section class=\"elementor-section elementor-top-section elementor-element elementor-element-4553417a elementor-section-full_width elementor-section-height-min-height elementor-section-content-middle elementor-section-stretched elementor-section-height-default elementor-section-items-middle\" data-id=\"4553417a\" data-element_type=\"section\" data-e-type=\"section\" data-settings=\"{&quot;stretch_section&quot;:&quot;section-stretched&quot;,&quot;background_background&quot;:&quot;classic&quot;}\">\n\t\t\t\t\t\t\t<div class=\"elementor-background-overlay\"><\/div>\n\t\t\t\t\t\t\t<div class=\"elementor-container elementor-column-gap-wider\">\n\t\t\t\t\t<div class=\"elementor-column elementor-col-100 elementor-top-column elementor-element elementor-element-713492a4\" data-id=\"713492a4\" data-element_type=\"column\" data-e-type=\"column\">\n\t\t\t<div class=\"elementor-widget-wrap\">\n\t\t\t\t\t\t\t<\/div>\n\t\t<\/div>\n\t\t\t\t\t<\/div>\n\t\t<\/section>\n\t\t\t\t<\/div>\n\t\t","protected":false},"excerpt":{"rendered":"<p>WEB DESIGN Pour une communaut\u00e9 toujours active On aime quand c&rsquo;est beau et quand \u00e7a marche pour nos clients Nous concevons vos interfaces Web et mobile pour r\u00e9pondre aux besoins et aux attentes des utilisateurs tout en veillant \u00e0 optimiser l\u2019exp\u00e9rience et la simplicit\u00e9 d\u2019usage. Pour cela, nous pla\u00e7ons l\u2019utilisateur au centre de chacun de [&hellip;]<\/p>\n","protected":false},"author":1,"featured_media":0,"parent":0,"menu_order":0,"comment_status":"closed","ping_status":"closed","template":"","meta":{"_monsterinsights_skip_tracking":false,"_monsterinsights_sitenote_active":false,"_monsterinsights_sitenote_note":"","_monsterinsights_sitenote_category":0,"ocean_post_layout":"","ocean_both_sidebars_style":"","ocean_both_sidebars_content_width":0,"ocean_both_sidebars_sidebars_width":0,"ocean_sidebar":"0","ocean_second_sidebar":"0","ocean_disable_margins":"on","ocean_add_body_class":"","ocean_shortcode_before_top_bar":"","ocean_shortcode_after_top_bar":"","ocean_shortcode_before_header":"","ocean_shortcode_after_header":"","ocean_has_shortcode":"","ocean_shortcode_after_title":"","ocean_shortcode_before_footer_widgets":"","ocean_shortcode_after_footer_widgets":"","ocean_shortcode_before_footer_bottom":"","ocean_shortcode_after_footer_bottom":"","ocean_display_top_bar":"off","ocean_display_header":"on","ocean_header_style":"","ocean_center_header_left_menu":"0","ocean_custom_header_template":"0","ocean_custom_logo":0,"ocean_custom_retina_logo":0,"ocean_custom_logo_max_width":0,"ocean_custom_logo_tablet_max_width":0,"ocean_custom_logo_mobile_max_width":0,"ocean_custom_logo_max_height":0,"ocean_custom_logo_tablet_max_height":0,"ocean_custom_logo_mobile_max_height":0,"ocean_header_custom_menu":"0","ocean_menu_typo_font_family":"0","ocean_menu_typo_font_subset":"","ocean_menu_typo_font_size":0,"ocean_menu_typo_font_size_tablet":0,"ocean_menu_typo_font_size_mobile":0,"ocean_menu_typo_font_size_unit":"px","ocean_menu_typo_font_weight":"","ocean_menu_typo_font_weight_tablet":"","ocean_menu_typo_font_weight_mobile":"","ocean_menu_typo_transform":"","ocean_menu_typo_transform_tablet":"","ocean_menu_typo_transform_mobile":"","ocean_menu_typo_line_height":0,"ocean_menu_typo_line_height_tablet":0,"ocean_menu_typo_line_height_mobile":0,"ocean_menu_typo_line_height_unit":"","ocean_menu_typo_spacing":0,"ocean_menu_typo_spacing_tablet":0,"ocean_menu_typo_spacing_mobile":0,"ocean_menu_typo_spacing_unit":"","ocean_menu_link_color":"","ocean_menu_link_color_hover":"","ocean_menu_link_color_active":"","ocean_menu_link_background":"","ocean_menu_link_hover_background":"","ocean_menu_link_active_background":"","ocean_menu_social_links_bg":"","ocean_menu_social_hover_links_bg":"","ocean_menu_social_links_color":"","ocean_menu_social_hover_links_color":"","ocean_disable_title":"on","ocean_disable_heading":"default","ocean_post_title":"","ocean_post_subheading":"","ocean_post_title_style":"","ocean_post_title_background_color":"","ocean_post_title_background":0,"ocean_post_title_bg_image_position":"","ocean_post_title_bg_image_attachment":"","ocean_post_title_bg_image_repeat":"","ocean_post_title_bg_image_size":"","ocean_post_title_height":0,"ocean_post_title_bg_overlay":0.5,"ocean_post_title_bg_overlay_color":"","ocean_disable_breadcrumbs":"default","ocean_breadcrumbs_color":"","ocean_breadcrumbs_separator_color":"","ocean_breadcrumbs_links_color":"","ocean_breadcrumbs_links_hover_color":"","ocean_display_footer_widgets":"off","ocean_display_footer_bottom":"on","ocean_custom_footer_template":"0","footnotes":""},"class_list":["post-580","page","type-page","status-publish","hentry","entry"],"yoast_head":"<!-- This site is optimized with the Yoast SEO plugin v27.2 - https:\/\/yoast.com\/product\/yoast-seo-wordpress\/ -->\n<title>Web Design et Ergonomie<\/title>\n<meta name=\"description\" content=\"Pour une communaut\u00e9 toujours active. Nous concevons vos interfaces Web et mobile pour r\u00e9pondre aux besoins et aux attentes des utilisateurs tout en veillant \u00e0 optimiser l\u2019exp\u00e9rience et la simplicit\u00e9 d\u2019usage.\" \/>\n<meta name=\"robots\" content=\"index, follow, max-snippet:-1, max-image-preview:large, max-video-preview:-1\" \/>\n<link rel=\"canonical\" href=\"https:\/\/mayanaconsulting.com\/index.php\/web-design-et-ergonomie\/\" \/>\n<meta property=\"og:locale\" content=\"fr_FR\" \/>\n<meta property=\"og:type\" content=\"article\" \/>\n<meta property=\"og:title\" content=\"Web Design et Ergonomie\" \/>\n<meta property=\"og:description\" content=\"Pour une communaut\u00e9 toujours active. Nous concevons vos interfaces Web et mobile pour r\u00e9pondre aux besoins et aux attentes des utilisateurs tout en veillant \u00e0 optimiser l\u2019exp\u00e9rience et la simplicit\u00e9 d\u2019usage.\" \/>\n<meta property=\"og:url\" content=\"https:\/\/mayanaconsulting.com\/index.php\/web-design-et-ergonomie\/\" \/>\n<meta property=\"og:site_name\" content=\"MAYANA CONSULTING\" \/>\n<meta property=\"article:publisher\" content=\"https:\/\/www.facebook.com\/MayanaConsulting\/\" \/>\n<meta property=\"article:modified_time\" content=\"2021-07-18T06:03:57+00:00\" \/>\n<meta property=\"og:image\" content=\"https:\/\/mayanaconsulting.com\/wp-content\/uploads\/2021\/05\/Web-design-1080x1080-1.jpg\" \/>\n<meta name=\"twitter:card\" content=\"summary_large_image\" \/>\n<meta name=\"twitter:site\" content=\"@May_CONSULTING\" \/>\n<meta name=\"twitter:label1\" content=\"Dur\u00e9e de lecture estim\u00e9e\" \/>\n\t<meta name=\"twitter:data1\" content=\"1 minute\" \/>\n<script type=\"application\/ld+json\" class=\"yoast-schema-graph\">{\"@context\":\"https:\/\/schema.org\",\"@graph\":[{\"@type\":\"WebPage\",\"@id\":\"https:\/\/mayanaconsulting.com\/index.php\/web-design-et-ergonomie\/\",\"url\":\"https:\/\/mayanaconsulting.com\/index.php\/web-design-et-ergonomie\/\",\"name\":\"Web Design et Ergonomie\",\"isPartOf\":{\"@id\":\"https:\/\/mayanaconsulting.com\/#website\"},\"primaryImageOfPage\":{\"@id\":\"https:\/\/mayanaconsulting.com\/index.php\/web-design-et-ergonomie\/#primaryimage\"},\"image\":{\"@id\":\"https:\/\/mayanaconsulting.com\/index.php\/web-design-et-ergonomie\/#primaryimage\"},\"thumbnailUrl\":\"https:\/\/mayanaconsulting.com\/wp-content\/uploads\/2021\/05\/Web-design-1080x1080-1.jpg\",\"datePublished\":\"2021-05-18T15:49:47+00:00\",\"dateModified\":\"2021-07-18T06:03:57+00:00\",\"description\":\"Pour une communaut\u00e9 toujours active. Nous concevons vos interfaces Web et mobile pour r\u00e9pondre aux besoins et aux attentes des utilisateurs tout en veillant \u00e0 optimiser l\u2019exp\u00e9rience et la simplicit\u00e9 d\u2019usage.\",\"breadcrumb\":{\"@id\":\"https:\/\/mayanaconsulting.com\/index.php\/web-design-et-ergonomie\/#breadcrumb\"},\"inLanguage\":\"fr-FR\",\"potentialAction\":[{\"@type\":\"ReadAction\",\"target\":[\"https:\/\/mayanaconsulting.com\/index.php\/web-design-et-ergonomie\/\"]}]},{\"@type\":\"ImageObject\",\"inLanguage\":\"fr-FR\",\"@id\":\"https:\/\/mayanaconsulting.com\/index.php\/web-design-et-ergonomie\/#primaryimage\",\"url\":\"https:\/\/mayanaconsulting.com\/wp-content\/uploads\/2021\/05\/Web-design-1080x1080-1.jpg\",\"contentUrl\":\"https:\/\/mayanaconsulting.com\/wp-content\/uploads\/2021\/05\/Web-design-1080x1080-1.jpg\",\"width\":1080,\"height\":1080},{\"@type\":\"BreadcrumbList\",\"@id\":\"https:\/\/mayanaconsulting.com\/index.php\/web-design-et-ergonomie\/#breadcrumb\",\"itemListElement\":[{\"@type\":\"ListItem\",\"position\":1,\"name\":\"Accueil\",\"item\":\"https:\/\/mayanaconsulting.com\/\"},{\"@type\":\"ListItem\",\"position\":2,\"name\":\"Web Design et Ergonomie\"}]},{\"@type\":\"WebSite\",\"@id\":\"https:\/\/mayanaconsulting.com\/#website\",\"url\":\"https:\/\/mayanaconsulting.com\/\",\"name\":\"MAYANA CONSULTING\",\"description\":\"La passion au services des pros !\",\"publisher\":{\"@id\":\"https:\/\/mayanaconsulting.com\/#organization\"},\"potentialAction\":[{\"@type\":\"SearchAction\",\"target\":{\"@type\":\"EntryPoint\",\"urlTemplate\":\"https:\/\/mayanaconsulting.com\/?s={search_term_string}\"},\"query-input\":{\"@type\":\"PropertyValueSpecification\",\"valueRequired\":true,\"valueName\":\"search_term_string\"}}],\"inLanguage\":\"fr-FR\"},{\"@type\":\"Organization\",\"@id\":\"https:\/\/mayanaconsulting.com\/#organization\",\"name\":\"MAYANA CONSULTING\",\"url\":\"https:\/\/mayanaconsulting.com\/\",\"logo\":{\"@type\":\"ImageObject\",\"inLanguage\":\"fr-FR\",\"@id\":\"https:\/\/mayanaconsulting.com\/#\/schema\/logo\/image\/\",\"url\":\"https:\/\/mayanaconsulting.com\/wp-content\/uploads\/2020\/03\/Mayana-consulting-logo-petit-format-V2-2.png\",\"contentUrl\":\"https:\/\/mayanaconsulting.com\/wp-content\/uploads\/2020\/03\/Mayana-consulting-logo-petit-format-V2-2.png\",\"width\":1191,\"height\":842,\"caption\":\"MAYANA CONSULTING\"},\"image\":{\"@id\":\"https:\/\/mayanaconsulting.com\/#\/schema\/logo\/image\/\"},\"sameAs\":[\"https:\/\/www.facebook.com\/MayanaConsulting\/\",\"https:\/\/x.com\/May_CONSULTING\",\"https:\/\/www.instagram.com\/mayana_consulting\/\",\"https:\/\/www.linkedin.com\/company\/mayana-consulting\/\"]}]}<\/script>\n<!-- \/ Yoast SEO plugin. -->","yoast_head_json":{"title":"Web Design et Ergonomie","description":"Pour une communaut\u00e9 toujours active. Nous concevons vos interfaces Web et mobile pour r\u00e9pondre aux besoins et aux attentes des utilisateurs tout en veillant \u00e0 optimiser l\u2019exp\u00e9rience et la simplicit\u00e9 d\u2019usage.","robots":{"index":"index","follow":"follow","max-snippet":"max-snippet:-1","max-image-preview":"max-image-preview:large","max-video-preview":"max-video-preview:-1"},"canonical":"https:\/\/mayanaconsulting.com\/index.php\/web-design-et-ergonomie\/","og_locale":"fr_FR","og_type":"article","og_title":"Web Design et Ergonomie","og_description":"Pour une communaut\u00e9 toujours active. Nous concevons vos interfaces Web et mobile pour r\u00e9pondre aux besoins et aux attentes des utilisateurs tout en veillant \u00e0 optimiser l\u2019exp\u00e9rience et la simplicit\u00e9 d\u2019usage.","og_url":"https:\/\/mayanaconsulting.com\/index.php\/web-design-et-ergonomie\/","og_site_name":"MAYANA CONSULTING","article_publisher":"https:\/\/www.facebook.com\/MayanaConsulting\/","article_modified_time":"2021-07-18T06:03:57+00:00","og_image":[{"url":"https:\/\/mayanaconsulting.com\/wp-content\/uploads\/2021\/05\/Web-design-1080x1080-1.jpg","type":"","width":"","height":""}],"twitter_card":"summary_large_image","twitter_site":"@May_CONSULTING","twitter_misc":{"Dur\u00e9e de lecture estim\u00e9e":"1 minute"},"schema":{"@context":"https:\/\/schema.org","@graph":[{"@type":"WebPage","@id":"https:\/\/mayanaconsulting.com\/index.php\/web-design-et-ergonomie\/","url":"https:\/\/mayanaconsulting.com\/index.php\/web-design-et-ergonomie\/","name":"Web Design et Ergonomie","isPartOf":{"@id":"https:\/\/mayanaconsulting.com\/#website"},"primaryImageOfPage":{"@id":"https:\/\/mayanaconsulting.com\/index.php\/web-design-et-ergonomie\/#primaryimage"},"image":{"@id":"https:\/\/mayanaconsulting.com\/index.php\/web-design-et-ergonomie\/#primaryimage"},"thumbnailUrl":"https:\/\/mayanaconsulting.com\/wp-content\/uploads\/2021\/05\/Web-design-1080x1080-1.jpg","datePublished":"2021-05-18T15:49:47+00:00","dateModified":"2021-07-18T06:03:57+00:00","description":"Pour une communaut\u00e9 toujours active. Nous concevons vos interfaces Web et mobile pour r\u00e9pondre aux besoins et aux attentes des utilisateurs tout en veillant \u00e0 optimiser l\u2019exp\u00e9rience et la simplicit\u00e9 d\u2019usage.","breadcrumb":{"@id":"https:\/\/mayanaconsulting.com\/index.php\/web-design-et-ergonomie\/#breadcrumb"},"inLanguage":"fr-FR","potentialAction":[{"@type":"ReadAction","target":["https:\/\/mayanaconsulting.com\/index.php\/web-design-et-ergonomie\/"]}]},{"@type":"ImageObject","inLanguage":"fr-FR","@id":"https:\/\/mayanaconsulting.com\/index.php\/web-design-et-ergonomie\/#primaryimage","url":"https:\/\/mayanaconsulting.com\/wp-content\/uploads\/2021\/05\/Web-design-1080x1080-1.jpg","contentUrl":"https:\/\/mayanaconsulting.com\/wp-content\/uploads\/2021\/05\/Web-design-1080x1080-1.jpg","width":1080,"height":1080},{"@type":"BreadcrumbList","@id":"https:\/\/mayanaconsulting.com\/index.php\/web-design-et-ergonomie\/#breadcrumb","itemListElement":[{"@type":"ListItem","position":1,"name":"Accueil","item":"https:\/\/mayanaconsulting.com\/"},{"@type":"ListItem","position":2,"name":"Web Design et Ergonomie"}]},{"@type":"WebSite","@id":"https:\/\/mayanaconsulting.com\/#website","url":"https:\/\/mayanaconsulting.com\/","name":"MAYANA CONSULTING","description":"La passion au services des pros !","publisher":{"@id":"https:\/\/mayanaconsulting.com\/#organization"},"potentialAction":[{"@type":"SearchAction","target":{"@type":"EntryPoint","urlTemplate":"https:\/\/mayanaconsulting.com\/?s={search_term_string}"},"query-input":{"@type":"PropertyValueSpecification","valueRequired":true,"valueName":"search_term_string"}}],"inLanguage":"fr-FR"},{"@type":"Organization","@id":"https:\/\/mayanaconsulting.com\/#organization","name":"MAYANA CONSULTING","url":"https:\/\/mayanaconsulting.com\/","logo":{"@type":"ImageObject","inLanguage":"fr-FR","@id":"https:\/\/mayanaconsulting.com\/#\/schema\/logo\/image\/","url":"https:\/\/mayanaconsulting.com\/wp-content\/uploads\/2020\/03\/Mayana-consulting-logo-petit-format-V2-2.png","contentUrl":"https:\/\/mayanaconsulting.com\/wp-content\/uploads\/2020\/03\/Mayana-consulting-logo-petit-format-V2-2.png","width":1191,"height":842,"caption":"MAYANA CONSULTING"},"image":{"@id":"https:\/\/mayanaconsulting.com\/#\/schema\/logo\/image\/"},"sameAs":["https:\/\/www.facebook.com\/MayanaConsulting\/","https:\/\/x.com\/May_CONSULTING","https:\/\/www.instagram.com\/mayana_consulting\/","https:\/\/www.linkedin.com\/company\/mayana-consulting\/"]}]}},"_links":{"self":[{"href":"https:\/\/mayanaconsulting.com\/index.php\/wp-json\/wp\/v2\/pages\/580","targetHints":{"allow":["GET"]}}],"collection":[{"href":"https:\/\/mayanaconsulting.com\/index.php\/wp-json\/wp\/v2\/pages"}],"about":[{"href":"https:\/\/mayanaconsulting.com\/index.php\/wp-json\/wp\/v2\/types\/page"}],"author":[{"embeddable":true,"href":"https:\/\/mayanaconsulting.com\/index.php\/wp-json\/wp\/v2\/users\/1"}],"replies":[{"embeddable":true,"href":"https:\/\/mayanaconsulting.com\/index.php\/wp-json\/wp\/v2\/comments?post=580"}],"version-history":[{"count":13,"href":"https:\/\/mayanaconsulting.com\/index.php\/wp-json\/wp\/v2\/pages\/580\/revisions"}],"predecessor-version":[{"id":797,"href":"https:\/\/mayanaconsulting.com\/index.php\/wp-json\/wp\/v2\/pages\/580\/revisions\/797"}],"wp:attachment":[{"href":"https:\/\/mayanaconsulting.com\/index.php\/wp-json\/wp\/v2\/media?parent=580"}],"curies":[{"name":"wp","href":"https:\/\/api.w.org\/{rel}","templated":true}]}}