{"id":1069,"date":"2023-06-30T05:12:40","date_gmt":"2023-06-30T02:12:40","guid":{"rendered":"https:\/\/mayanaconsulting.com\/?page_id=1069"},"modified":"2024-10-24T14:25:22","modified_gmt":"2024-10-24T11:25:22","slug":"mentions-legales","status":"publish","type":"page","link":"https:\/\/mayanaconsulting.com\/index.php\/mentions-legales\/","title":{"rendered":"Mentions l\u00e9gales"},"content":{"rendered":"\t\t<div data-elementor-type=\"wp-page\" data-elementor-id=\"1069\" class=\"elementor elementor-1069\">\n\t\t\t\t\t\t<section class=\"elementor-section elementor-top-section elementor-element elementor-element-674dd24e elementor-section-boxed elementor-section-height-default elementor-section-height-default\" data-id=\"674dd24e\" data-element_type=\"section\" data-e-type=\"section\">\n\t\t\t\t\t\t<div class=\"elementor-container elementor-column-gap-default\">\n\t\t\t\t\t<div class=\"elementor-column elementor-col-100 elementor-top-column elementor-element elementor-element-20a2762e\" data-id=\"20a2762e\" data-element_type=\"column\" data-e-type=\"column\">\n\t\t\t<div class=\"elementor-widget-wrap elementor-element-populated\">\n\t\t\t\t\t\t<div class=\"elementor-element elementor-element-708ad513 elementor-widget elementor-widget-text-editor\" data-id=\"708ad513\" data-element_type=\"widget\" data-e-type=\"widget\" data-widget_type=\"text-editor.default\">\n\t\t\t\t<div class=\"elementor-widget-container\">\n\t\t\t\t\t\t\t\t\t<p><\/p>\n<h2 style=\"-webkit-font-smoothing: antialiased; margin-bottom: 15px; font-style: normal; font-variant-ligatures: normal; font-variant-caps: normal; font-weight: 300; font-size: 17px; font-family: Poppins, Helvetica, Arial, sans-serif; color: #211f23; letter-spacing: normal;\">Conform\u00e9ment aux dispositions des Articles 6-III et 19 de la Loi n\u00b02004-575 du 21 juin 2004 pour la Confiance dans l\u2019\u00e9conomie num\u00e9rique, dite L.C.E.N., il est port\u00e9 \u00e0 la connaissance des Utilisateurs du site https:\/\/mayanaconsulting.com les pr\u00e9sentes mentions l\u00e9gales.<br>La connexion et la navigation sur le site https:\/\/mayanaconsulting.com par l\u2019utilisateur implique acceptation int\u00e9grale et sans r\u00e9serve des pr\u00e9sentes mentions l\u00e9gales.<\/h2>\n<p><\/p>\n<p><\/p>\n<h3 class=\"wp-block-heading\">Identification de l&rsquo;\u00e9diteur et de l&rsquo;h\u00e9bergeur du site<\/h3>\n<p><\/p>\n<p><\/p>\n<p>Le site https:\/\/mayanaconsulting.com est \u00e9dit\u00e9 par la Soci\u00e9t\u00e9 Mayana Consulting SAS, au capital de 10 000 \u20ac.<\/p>\n<p><\/p>\n<p><\/p>\n<p>Entreprise immatricul\u00e9e au RCS de Mamoudzou sous le num\u00e9ro 882 293 293<\/p>\n<p><\/p>\n<p><\/p>\n<p>dont le si\u00e8ge social est sis au 2 Case Pente MANDZARISOA M&rsquo;TSAP\u00c9R\u00c9, 97600 MAMOUDZOU.<\/p>\n<p><\/p>\n<p><\/p>\n<p>N\u00b0 de TVA intracommunautaire : FR54882293293<\/p>\n<p><\/p>\n<p><\/p>\n<h3><strong>DIRECTEUR DE PUBLICATION :<\/strong><\/h3>\n<p><\/p>\n<p><\/p>\n<p>Nazir ABDALLAH, Pr\u00e9sident de la Soci\u00e9t\u00e9 Mayana Consulting SAS<\/p>\n<p><\/p>\n<p><\/p>\n<p>Joignable au +33695891068 ou \u00e0 l&rsquo;adresse nazir@mayanaconsulting.com.<\/p>\n<p><\/p>\n<p><\/p>\n<p>Par courrier au 2 Case Pente&nbsp;<span style=\"font-family: Roboto, sans-serif; font-size: 14px; font-style: normal; font-variant-ligatures: normal; font-variant-caps: normal; font-weight: 400; letter-spacing: 0.2px;\">MANDZARISOA M&rsquo;TSAP\u00c9R\u00c9<\/span>&nbsp;97600 Mamoudzou.<\/p>\n<p><\/p>\n<p><\/p>\n<p>Le site est h\u00e9berg\u00e9 par est la Soci\u00e9t\u00e9 OVH, dont le si\u00e8ge social est situ\u00e9 au 2 rue Kellermann \u2013 BP 80157 59053 ROUBAIX CEDEX 1.<\/p>\n<p><\/p>\n<p><\/p>\n<p><\/p>\n<p><\/p>\t\t\t\t\t\t\t\t<\/div>\n\t\t\t\t<\/div>\n\t\t\t\t\t<\/div>\n\t\t<\/div>\n\t\t\t\t\t<\/div>\n\t\t<\/section>\n\t\t\t\t<\/div>\n\t\t","protected":false},"excerpt":{"rendered":"<p>Conform\u00e9ment aux dispositions des Articles 6-III et 19 de la Loi n\u00b02004-575 du 21 juin 2004 pour la Confiance dans l\u2019\u00e9conomie num\u00e9rique, dite L.C.E.N., il est port\u00e9 \u00e0 la connaissance des Utilisateurs du site https:\/\/mayanaconsulting.com les pr\u00e9sentes mentions l\u00e9gales.La connexion et la navigation sur le site https:\/\/mayanaconsulting.com par l\u2019utilisateur implique acceptation int\u00e9grale et sans r\u00e9serve [&hellip;]<\/p>\n","protected":false},"author":1,"featured_media":171,"parent":0,"menu_order":0,"comment_status":"closed","ping_status":"closed","template":"","meta":{"_monsterinsights_skip_tracking":false,"_monsterinsights_sitenote_active":false,"_monsterinsights_sitenote_note":"","_monsterinsights_sitenote_category":0,"ocean_post_layout":"","ocean_both_sidebars_style":"","ocean_both_sidebars_content_width":0,"ocean_both_sidebars_sidebars_width":0,"ocean_sidebar":"0","ocean_second_sidebar":"0","ocean_disable_margins":"enable","ocean_add_body_class":"","ocean_shortcode_before_top_bar":"","ocean_shortcode_after_top_bar":"","ocean_shortcode_before_header":"","ocean_shortcode_after_header":"","ocean_has_shortcode":"","ocean_shortcode_after_title":"","ocean_shortcode_before_footer_widgets":"","ocean_shortcode_after_footer_widgets":"","ocean_shortcode_before_footer_bottom":"","ocean_shortcode_after_footer_bottom":"","ocean_display_top_bar":"default","ocean_display_header":"default","ocean_header_style":"","ocean_center_header_left_menu":"0","ocean_custom_header_template":"0","ocean_custom_logo":0,"ocean_custom_retina_logo":0,"ocean_custom_logo_max_width":0,"ocean_custom_logo_tablet_max_width":0,"ocean_custom_logo_mobile_max_width":0,"ocean_custom_logo_max_height":0,"ocean_custom_logo_tablet_max_height":0,"ocean_custom_logo_mobile_max_height":0,"ocean_header_custom_menu":"0","ocean_menu_typo_font_family":"0","ocean_menu_typo_font_subset":"","ocean_menu_typo_font_size":0,"ocean_menu_typo_font_size_tablet":0,"ocean_menu_typo_font_size_mobile":0,"ocean_menu_typo_font_size_unit":"px","ocean_menu_typo_font_weight":"","ocean_menu_typo_font_weight_tablet":"","ocean_menu_typo_font_weight_mobile":"","ocean_menu_typo_transform":"","ocean_menu_typo_transform_tablet":"","ocean_menu_typo_transform_mobile":"","ocean_menu_typo_line_height":0,"ocean_menu_typo_line_height_tablet":0,"ocean_menu_typo_line_height_mobile":0,"ocean_menu_typo_line_height_unit":"","ocean_menu_typo_spacing":0,"ocean_menu_typo_spacing_tablet":0,"ocean_menu_typo_spacing_mobile":0,"ocean_menu_typo_spacing_unit":"","ocean_menu_link_color":"","ocean_menu_link_color_hover":"","ocean_menu_link_color_active":"","ocean_menu_link_background":"","ocean_menu_link_hover_background":"","ocean_menu_link_active_background":"","ocean_menu_social_links_bg":"","ocean_menu_social_hover_links_bg":"","ocean_menu_social_links_color":"","ocean_menu_social_hover_links_color":"","ocean_disable_title":"default","ocean_disable_heading":"default","ocean_post_title":"","ocean_post_subheading":"","ocean_post_title_style":"","ocean_post_title_background_color":"","ocean_post_title_background":0,"ocean_post_title_bg_image_position":"","ocean_post_title_bg_image_attachment":"","ocean_post_title_bg_image_repeat":"","ocean_post_title_bg_image_size":"","ocean_post_title_height":0,"ocean_post_title_bg_overlay":0.5,"ocean_post_title_bg_overlay_color":"","ocean_disable_breadcrumbs":"default","ocean_breadcrumbs_color":"","ocean_breadcrumbs_separator_color":"","ocean_breadcrumbs_links_color":"","ocean_breadcrumbs_links_hover_color":"","ocean_display_footer_widgets":"default","ocean_display_footer_bottom":"default","ocean_custom_footer_template":"0","footnotes":""},"class_list":["post-1069","page","type-page","status-publish","has-post-thumbnail","hentry","entry","has-media"],"yoast_head":"<!-- This site is optimized with the Yoast SEO plugin v27.2 - https:\/\/yoast.com\/product\/yoast-seo-wordpress\/ -->\n<title>Mentions l\u00e9gales<\/title>\n<meta name=\"description\" content=\"Conform\u00e9ment aux dispositions des Articles 6-III et 19 de la Loi n\u00b02004-575 du 21 juin 2004 pour la Confiance dans l\u2019\u00e9conomie num\u00e9rique, dite L.C.E.N., il est port\u00e9 \u00e0 la connaissance des Utilisateurs du site https:\/\/mayanaconsulting.com les pr\u00e9sentes mentions l\u00e9gales.\" \/>\n<meta name=\"robots\" content=\"index, follow, max-snippet:-1, max-image-preview:large, max-video-preview:-1\" \/>\n<link rel=\"canonical\" href=\"https:\/\/mayanaconsulting.com\/index.php\/mentions-legales\/\" \/>\n<meta property=\"og:locale\" content=\"fr_FR\" \/>\n<meta property=\"og:type\" content=\"article\" \/>\n<meta property=\"og:title\" content=\"Mentions l\u00e9gales\" \/>\n<meta property=\"og:description\" content=\"Conform\u00e9ment aux dispositions des Articles 6-III et 19 de la Loi n\u00b02004-575 du 21 juin 2004 pour la Confiance dans l\u2019\u00e9conomie num\u00e9rique, dite L.C.E.N., il est port\u00e9 \u00e0 la connaissance des Utilisateurs du site https:\/\/mayanaconsulting.com les pr\u00e9sentes mentions l\u00e9gales.\" \/>\n<meta property=\"og:url\" content=\"https:\/\/mayanaconsulting.com\/index.php\/mentions-legales\/\" \/>\n<meta property=\"og:site_name\" content=\"MAYANA CONSULTING\" \/>\n<meta property=\"article:publisher\" content=\"https:\/\/www.facebook.com\/MayanaConsulting\/\" \/>\n<meta property=\"article:modified_time\" content=\"2024-10-24T11:25:22+00:00\" \/>\n<meta property=\"og:image\" content=\"https:\/\/mayanaconsulting.com\/wp-content\/uploads\/2020\/01\/Consulting-1920x1281-Mayana-consulting.jpg\" \/>\n\t<meta property=\"og:image:width\" content=\"1920\" \/>\n\t<meta property=\"og:image:height\" content=\"1281\" \/>\n\t<meta property=\"og:image:type\" content=\"image\/jpeg\" \/>\n<meta name=\"twitter:card\" content=\"summary_large_image\" \/>\n<meta name=\"twitter:site\" content=\"@May_CONSULTING\" \/>\n<meta name=\"twitter:label1\" content=\"Dur\u00e9e de lecture estim\u00e9e\" \/>\n\t<meta name=\"twitter:data1\" content=\"1 minute\" \/>\n<script type=\"application\/ld+json\" class=\"yoast-schema-graph\">{\"@context\":\"https:\/\/schema.org\",\"@graph\":[{\"@type\":\"WebPage\",\"@id\":\"https:\/\/mayanaconsulting.com\/index.php\/mentions-legales\/\",\"url\":\"https:\/\/mayanaconsulting.com\/index.php\/mentions-legales\/\",\"name\":\"Mentions l\u00e9gales\",\"isPartOf\":{\"@id\":\"https:\/\/mayanaconsulting.com\/#website\"},\"primaryImageOfPage\":{\"@id\":\"https:\/\/mayanaconsulting.com\/index.php\/mentions-legales\/#primaryimage\"},\"image\":{\"@id\":\"https:\/\/mayanaconsulting.com\/index.php\/mentions-legales\/#primaryimage\"},\"thumbnailUrl\":\"https:\/\/mayanaconsulting.com\/wp-content\/uploads\/2020\/01\/Consulting-1920x1281-Mayana-consulting.jpg\",\"datePublished\":\"2023-06-30T02:12:40+00:00\",\"dateModified\":\"2024-10-24T11:25:22+00:00\",\"description\":\"Conform\u00e9ment aux dispositions des Articles 6-III et 19 de la Loi n\u00b02004-575 du 21 juin 2004 pour la Confiance dans l\u2019\u00e9conomie num\u00e9rique, dite L.C.E.N., il est port\u00e9 \u00e0 la connaissance des Utilisateurs du site https:\/\/mayanaconsulting.com les pr\u00e9sentes mentions l\u00e9gales.\",\"breadcrumb\":{\"@id\":\"https:\/\/mayanaconsulting.com\/index.php\/mentions-legales\/#breadcrumb\"},\"inLanguage\":\"fr-FR\",\"potentialAction\":[{\"@type\":\"ReadAction\",\"target\":[\"https:\/\/mayanaconsulting.com\/index.php\/mentions-legales\/\"]}]},{\"@type\":\"ImageObject\",\"inLanguage\":\"fr-FR\",\"@id\":\"https:\/\/mayanaconsulting.com\/index.php\/mentions-legales\/#primaryimage\",\"url\":\"https:\/\/mayanaconsulting.com\/wp-content\/uploads\/2020\/01\/Consulting-1920x1281-Mayana-consulting.jpg\",\"contentUrl\":\"https:\/\/mayanaconsulting.com\/wp-content\/uploads\/2020\/01\/Consulting-1920x1281-Mayana-consulting.jpg\",\"width\":1920,\"height\":1281,\"caption\":\"Mentions l\u00e9gales\"},{\"@type\":\"BreadcrumbList\",\"@id\":\"https:\/\/mayanaconsulting.com\/index.php\/mentions-legales\/#breadcrumb\",\"itemListElement\":[{\"@type\":\"ListItem\",\"position\":1,\"name\":\"Accueil\",\"item\":\"https:\/\/mayanaconsulting.com\/\"},{\"@type\":\"ListItem\",\"position\":2,\"name\":\"Mentions l\u00e9gales\"}]},{\"@type\":\"WebSite\",\"@id\":\"https:\/\/mayanaconsulting.com\/#website\",\"url\":\"https:\/\/mayanaconsulting.com\/\",\"name\":\"MAYANA CONSULTING\",\"description\":\"La passion au services des pros !\",\"publisher\":{\"@id\":\"https:\/\/mayanaconsulting.com\/#organization\"},\"potentialAction\":[{\"@type\":\"SearchAction\",\"target\":{\"@type\":\"EntryPoint\",\"urlTemplate\":\"https:\/\/mayanaconsulting.com\/?s={search_term_string}\"},\"query-input\":{\"@type\":\"PropertyValueSpecification\",\"valueRequired\":true,\"valueName\":\"search_term_string\"}}],\"inLanguage\":\"fr-FR\"},{\"@type\":\"Organization\",\"@id\":\"https:\/\/mayanaconsulting.com\/#organization\",\"name\":\"MAYANA CONSULTING\",\"url\":\"https:\/\/mayanaconsulting.com\/\",\"logo\":{\"@type\":\"ImageObject\",\"inLanguage\":\"fr-FR\",\"@id\":\"https:\/\/mayanaconsulting.com\/#\/schema\/logo\/image\/\",\"url\":\"https:\/\/mayanaconsulting.com\/wp-content\/uploads\/2020\/03\/Mayana-consulting-logo-petit-format-V2-2.png\",\"contentUrl\":\"https:\/\/mayanaconsulting.com\/wp-content\/uploads\/2020\/03\/Mayana-consulting-logo-petit-format-V2-2.png\",\"width\":1191,\"height\":842,\"caption\":\"MAYANA CONSULTING\"},\"image\":{\"@id\":\"https:\/\/mayanaconsulting.com\/#\/schema\/logo\/image\/\"},\"sameAs\":[\"https:\/\/www.facebook.com\/MayanaConsulting\/\",\"https:\/\/x.com\/May_CONSULTING\",\"https:\/\/www.instagram.com\/mayana_consulting\/\",\"https:\/\/www.linkedin.com\/company\/mayana-consulting\/\"]}]}<\/script>\n<!-- \/ Yoast SEO plugin. -->","yoast_head_json":{"title":"Mentions l\u00e9gales","description":"Conform\u00e9ment aux dispositions des Articles 6-III et 19 de la Loi n\u00b02004-575 du 21 juin 2004 pour la Confiance dans l\u2019\u00e9conomie num\u00e9rique, dite L.C.E.N., il est port\u00e9 \u00e0 la connaissance des Utilisateurs du site https:\/\/mayanaconsulting.com les pr\u00e9sentes mentions l\u00e9gales.","robots":{"index":"index","follow":"follow","max-snippet":"max-snippet:-1","max-image-preview":"max-image-preview:large","max-video-preview":"max-video-preview:-1"},"canonical":"https:\/\/mayanaconsulting.com\/index.php\/mentions-legales\/","og_locale":"fr_FR","og_type":"article","og_title":"Mentions l\u00e9gales","og_description":"Conform\u00e9ment aux dispositions des Articles 6-III et 19 de la Loi n\u00b02004-575 du 21 juin 2004 pour la Confiance dans l\u2019\u00e9conomie num\u00e9rique, dite L.C.E.N., il est port\u00e9 \u00e0 la connaissance des Utilisateurs du site https:\/\/mayanaconsulting.com les pr\u00e9sentes mentions l\u00e9gales.","og_url":"https:\/\/mayanaconsulting.com\/index.php\/mentions-legales\/","og_site_name":"MAYANA CONSULTING","article_publisher":"https:\/\/www.facebook.com\/MayanaConsulting\/","article_modified_time":"2024-10-24T11:25:22+00:00","og_image":[{"width":1920,"height":1281,"url":"https:\/\/mayanaconsulting.com\/wp-content\/uploads\/2020\/01\/Consulting-1920x1281-Mayana-consulting.jpg","type":"image\/jpeg"}],"twitter_card":"summary_large_image","twitter_site":"@May_CONSULTING","twitter_misc":{"Dur\u00e9e de lecture estim\u00e9e":"1 minute"},"schema":{"@context":"https:\/\/schema.org","@graph":[{"@type":"WebPage","@id":"https:\/\/mayanaconsulting.com\/index.php\/mentions-legales\/","url":"https:\/\/mayanaconsulting.com\/index.php\/mentions-legales\/","name":"Mentions l\u00e9gales","isPartOf":{"@id":"https:\/\/mayanaconsulting.com\/#website"},"primaryImageOfPage":{"@id":"https:\/\/mayanaconsulting.com\/index.php\/mentions-legales\/#primaryimage"},"image":{"@id":"https:\/\/mayanaconsulting.com\/index.php\/mentions-legales\/#primaryimage"},"thumbnailUrl":"https:\/\/mayanaconsulting.com\/wp-content\/uploads\/2020\/01\/Consulting-1920x1281-Mayana-consulting.jpg","datePublished":"2023-06-30T02:12:40+00:00","dateModified":"2024-10-24T11:25:22+00:00","description":"Conform\u00e9ment aux dispositions des Articles 6-III et 19 de la Loi n\u00b02004-575 du 21 juin 2004 pour la Confiance dans l\u2019\u00e9conomie num\u00e9rique, dite L.C.E.N., il est port\u00e9 \u00e0 la connaissance des Utilisateurs du site https:\/\/mayanaconsulting.com les pr\u00e9sentes mentions l\u00e9gales.","breadcrumb":{"@id":"https:\/\/mayanaconsulting.com\/index.php\/mentions-legales\/#breadcrumb"},"inLanguage":"fr-FR","potentialAction":[{"@type":"ReadAction","target":["https:\/\/mayanaconsulting.com\/index.php\/mentions-legales\/"]}]},{"@type":"ImageObject","inLanguage":"fr-FR","@id":"https:\/\/mayanaconsulting.com\/index.php\/mentions-legales\/#primaryimage","url":"https:\/\/mayanaconsulting.com\/wp-content\/uploads\/2020\/01\/Consulting-1920x1281-Mayana-consulting.jpg","contentUrl":"https:\/\/mayanaconsulting.com\/wp-content\/uploads\/2020\/01\/Consulting-1920x1281-Mayana-consulting.jpg","width":1920,"height":1281,"caption":"Mentions l\u00e9gales"},{"@type":"BreadcrumbList","@id":"https:\/\/mayanaconsulting.com\/index.php\/mentions-legales\/#breadcrumb","itemListElement":[{"@type":"ListItem","position":1,"name":"Accueil","item":"https:\/\/mayanaconsulting.com\/"},{"@type":"ListItem","position":2,"name":"Mentions l\u00e9gales"}]},{"@type":"WebSite","@id":"https:\/\/mayanaconsulting.com\/#website","url":"https:\/\/mayanaconsulting.com\/","name":"MAYANA CONSULTING","description":"La passion au services des pros !","publisher":{"@id":"https:\/\/mayanaconsulting.com\/#organization"},"potentialAction":[{"@type":"SearchAction","target":{"@type":"EntryPoint","urlTemplate":"https:\/\/mayanaconsulting.com\/?s={search_term_string}"},"query-input":{"@type":"PropertyValueSpecification","valueRequired":true,"valueName":"search_term_string"}}],"inLanguage":"fr-FR"},{"@type":"Organization","@id":"https:\/\/mayanaconsulting.com\/#organization","name":"MAYANA CONSULTING","url":"https:\/\/mayanaconsulting.com\/","logo":{"@type":"ImageObject","inLanguage":"fr-FR","@id":"https:\/\/mayanaconsulting.com\/#\/schema\/logo\/image\/","url":"https:\/\/mayanaconsulting.com\/wp-content\/uploads\/2020\/03\/Mayana-consulting-logo-petit-format-V2-2.png","contentUrl":"https:\/\/mayanaconsulting.com\/wp-content\/uploads\/2020\/03\/Mayana-consulting-logo-petit-format-V2-2.png","width":1191,"height":842,"caption":"MAYANA CONSULTING"},"image":{"@id":"https:\/\/mayanaconsulting.com\/#\/schema\/logo\/image\/"},"sameAs":["https:\/\/www.facebook.com\/MayanaConsulting\/","https:\/\/x.com\/May_CONSULTING","https:\/\/www.instagram.com\/mayana_consulting\/","https:\/\/www.linkedin.com\/company\/mayana-consulting\/"]}]}},"_links":{"self":[{"href":"https:\/\/mayanaconsulting.com\/index.php\/wp-json\/wp\/v2\/pages\/1069","targetHints":{"allow":["GET"]}}],"collection":[{"href":"https:\/\/mayanaconsulting.com\/index.php\/wp-json\/wp\/v2\/pages"}],"about":[{"href":"https:\/\/mayanaconsulting.com\/index.php\/wp-json\/wp\/v2\/types\/page"}],"author":[{"embeddable":true,"href":"https:\/\/mayanaconsulting.com\/index.php\/wp-json\/wp\/v2\/users\/1"}],"replies":[{"embeddable":true,"href":"https:\/\/mayanaconsulting.com\/index.php\/wp-json\/wp\/v2\/comments?post=1069"}],"version-history":[{"count":28,"href":"https:\/\/mayanaconsulting.com\/index.php\/wp-json\/wp\/v2\/pages\/1069\/revisions"}],"predecessor-version":[{"id":1193,"href":"https:\/\/mayanaconsulting.com\/index.php\/wp-json\/wp\/v2\/pages\/1069\/revisions\/1193"}],"wp:featuredmedia":[{"embeddable":true,"href":"https:\/\/mayanaconsulting.com\/index.php\/wp-json\/wp\/v2\/media\/171"}],"wp:attachment":[{"href":"https:\/\/mayanaconsulting.com\/index.php\/wp-json\/wp\/v2\/media?parent=1069"}],"curies":[{"name":"wp","href":"https:\/\/api.w.org\/{rel}","templated":true}]}}